 is divided by o(11)?
5
Let l(q) be the first derivative of -q**4/2 + 3*q**2/2 - q + 11. Let g = 33 + -18. Calculate the remainder when l(-3) is divided by g.
14
Suppose 0 = 39*r + 15886 - 47905. What is the remainder when r is divided by 55?
51
Let r(i) = i**3 + 10*i**2 + 7*i + 15. What is the remainder when 59 is divided by r(-9)?
26
Let t be (1/(-2))/((-8)/1760). Suppose -106*r = -t*r + 500. What is the remainder when r is divided by 18?
17
Let p(l) = -3*l**2 + 2*l. Let d be p(2). Calculate the remainder when (-1503)/(-12) + 2/d is divided by (50 + -56)/(1 - 38/32).
29
Suppose -9*s + 5*s = -24. Let h = 5 + 23. What is the remainder when h is divided by s?
4
Let m = -461 - -555. Calculate the remainder when m is divided by 34.
26
What is the remainder when 87 is divided by -4*(6 + 140/(-16))?
10
Let j be 20/(-120) - (-49)/6. Let i(b) = b + 3 - 5*b - 15 - j. Calculate the remainder when i(-6) is divided by 2.
0
Let u(l) = 6*l**2 + 56*l - 64. Calculate the remainder when u(-15) is divided by 13.
4
Let x(s) = 4*s**2 - 12*s - 14. Calculate the remainder when 172 is divided by x(-3).
56
Let l = 8548 + -8529. Suppose 3*z - 29 = 3*s - 2, -4*z - 4*s + 44 = 0. Calculate the remainder when l is divided by z.
9
Suppose -49*s - 392 = -63*s. What is the remainder when 360 is divided by s?
24
Suppose 4*w + 56 = -24. Let f = -18 - w. Suppose -f*r = -r - 16. What is the remainder when 46 is divided by r?
14
Suppose -87 = -9*s + 94 + 593. Let h = 3 - -12. What is the remainder when s is divided by h?
11
Suppose -4 = 30*r - 214. Calculate the remainder when 57 is divided by r.
1
Suppose 0 = 3*t, -210 = j - 4*j - t. Let s = j - -23. Let i(x) = x**3 + 7*x**2 + 8*x + 8. What is the remainder when s is divided by i(-4)?
21
Let g = -106 + 114. What is the remainder when (g/16)/((-1)/(-118)) is divided by 10?
9
Suppose 0 = 168*n - 166*n - 16. Calculate the remainder when n is divided by 150/35 - 4/14.
0
Let o(z) = 7*z**2 - 8*z + 62. Calculate the remainder when o(4) is divided by 61.
20
Suppose 28 = -4*w - 20. Let u = w - -17. Suppose -u*m = -4 - 26. What is the remainder when 21 is divided by m?
3
Suppose -7*b - 388 = -11*b. Calculate the remainder when b is divided by 404/12 + 3/9.
29
Let s(v) = -17*v - 61. What is the remainder when s(-5) is divided by 3?
0
Let z(v) = -32*v**3 + 2*v + 2. Let o be z(-1). Suppose 0 = 37*u - o*u - 45. What is the remainder when u is divided by 5?
4
Let c = -27 + 40. Let b = -10 + c. Suppose 0 = b*r - 4*r + 30. Calculate the remainder when r is divided by 8.
6
Let d(q) = q**3 + 8*q**2 + 9*q + 13. Suppose -5*v + 150 = -445. What is the remainder when v is divided by d(-6)?
26
Suppose 3*l = 8 + 7. Suppose -4*m + 65 = -4*d + 9, m - 12 = 3*d. What is the remainder when (3 + m + -1)/1 is divided by l?
2
Let n(d) = 2*d**3 + d**2 - 1. Let x be n(1). Suppose x*t - y = -5*y + 54, -2*y + 111 = 5*t. Let p = 107 + -24. Calculate the remainder when p is divided by t.
20
Let w = -158 - -177. Calculate the remainder when 70 is divided by w.
13
Let n(k) = 4 + 3*k**2 - k**3 - 5*k - 5*k**2 - k - 6*k**2. Let p be n(-7). Let t = 22 + p. Calculate the remainder when t is divided by 5.
4
Suppose 4*g - 4*u = u + 338, 412 = 5*g - u. Let t = g - 39. Calculate the remainder when t is divided by 11.
10
Suppose -14*d + 629 = -1247. What is the remainder when d is divided by 29?
18
Suppose -2*k + 141*s - 138*s = -547, 4*s - 1356 = -5*k. What is the remainder when k is divided by 99?
74
Suppose 0 = -5*v + 3*v + 6, -y + 28 = 2*v. Calculate the remainder when 58 is divided by y.
14
Let h(k) be the first derivative of -67*k**4/4 - k**3/3 + k**2 + 2*k + 16. Calculate the remainder when h(-1) is divided by ((-46)/(-3))/(4/6).
20
Let v(g) = 3*g + 1. Let i(l) = -3*l**3 - l - 2. Let q be i(-1). What is the remainder when (-17)/(3 + 7/(-2)) is divided by v(q)?
6
Let a be (9 + -1 + 2)*(-11)/(-22). Suppose -4*k - 36 = -5*g, a*g + 4*k = -k + 45. Calculate the remainder when g is divided by 5.
3
Let a = 174 + -105. Suppose -3*f = -a + 33. What is the remainder when 59 is divided by f?
11
Let i = 769 - 608. What is the remainder when i is divided by 18?
17
Suppose 0 = -l + 5*n + 535 - 15, -2 = -n. What is the remainder when l is divided by 59?
58
Let r = -29 - -104. Calculate the remainder when r is divided by 260/24 + (-38)/(-228).
9
Suppose -5*b + 4*t + 61 = 0, 3*t + 12 = -b + 28. Suppose 11*c = b*c - 114. Calculate the remainder when c is divided by 20.
17
Suppose 3*q = 28 + 29. Let c be (q/38)/(1/154). Let u = c - 48. Calculate the remainder when u is divided by 16.
13
Suppose d = 2*z - 990, 1492 = 14*z - 11*z + 2*d. Calculate the remainder when z is divided by 83.
81
Let a(l) = 4*l + 57. Suppose 9 = 3*n - 6. Suppose -o - 64 = -n*o. Calculate the remainder when a(-7) is divided by o.
13
Suppose 96*v - 101*v = 260. Let n = -6 - v. What is the remainder when n is divided by 16?
14
Let s(n) = 2*n**2 - 6*n - 9. What is the remainder when 26 is divided by s(-2)?
4
Let g = -667 + 716. Suppose -3*j - 5*k + 9 + 15 = 0, 58 = 4*j - 2*k. Calculate the remainder when g is divided by j.
10
Suppose -532 = 325*v - 329*v. Calculate the remainder when v is divided by 56.
21
Let h = 123 - 80. Let a(r) = 2*r**2 + r - 3. Let p be a(-2). Let x = p + h. Calculate the remainder when x is divided by 12.
10
Let r = 51 + -40. Suppose 15*h - 68 = r*h. What is the remainder when 64 is divided by h?
13
Suppose -4*k + 59 = -413. Suppose 2*d = 8*t - 3*t - k, 0 = 2*t - d - 48. Let r = 118 - 31. What is the remainder when r is divided by t?
21
Suppose r + 7*r = 264. Suppose -r*d + 129 = -30*d. Calculate the remainder when 170 is divided by d.
41
Let l = -935 + 950. Calculate the remainder when 59 is divided by l.
14
Suppose -2*n + 9*a = 6*a - 537, 4 = -4*a. What is the remainder when n is divided by 56?
43
Suppose -2*i - 3*z - 2*z = -31, -i + 8 = z. Suppose 91 = -i*c + 268. Calculate the remainder when c is divided by 30.
29
Suppose y + 3 = 5. Let f(b) = 21*b + 2. Calculate the remainder when f(y) is divided by 24.
20
Suppose -11 - 3 = -7*k. Suppose -6*a = -k*a - 16. What is the remainder when 15 is divided by a?
3
Let i = -464 + 481. What is the remainder when 118 is divided by i?
16
Let a be 7 + 5 + 12/(2 - 5). Let g = -19 - -38. Suppose 3*b = a + g. What is the remainder when 35 is divided by b?
8
Let g = -25 - -43. Let h(a) = 2*a**2 + 156*a - 105. Calculate the remainder when h(-79) is divided by g.
17
Let w = -1924 + 1932. What is the remainder when 37 is divided by w?
5
Let m(d) = 6*d + 66. Let h(b) = 4*b + 44. Let z(c) = -8*h(c) + 5*m(c). Calculate the remainder when 41 is divided by z(-18).
13
Suppose 0 = 4*f + 5*f - 2745. What is the remainder when f is divided by 9?
8
Let b(d) = -6*d + 25. Let f be b(6). What is the remainder when 1/(f/2) + 3240/33 is divided by 25?
23
Let w(b) = b + 19. Let j be w(-16). Suppose j*k = -k + 272. What is the remainder when k is divided by 23?
22
Suppose -46*f + 150 = -43*f. Calculate the remainder when f is divided by 28.
22
Let v = 12 - 7. Suppose 24 = v*f - 11. What is the remainder when 10/(-35) + 191/f is divided by 14?
13
Let q(t) = -4*t**3 - 2*t**2 - 3*t - 1. Let r be q(-1). Calculate the remainder when 93 is divided by 8*3 - 0/(r - -2).
21
Suppose 19 = t + 2*z, 2*t + 3*t - 71 = 2*z. Calculate the remainder when 101 is divided by t.
11
Suppose 3*c + 5*c - 720 = 0. Let s = c + -68. Suppose 0 = 4*l + l - 205. What is the remainder when l is divided by s?
19
Suppose 0 = -2*z - 2*f + 1194, 10*f = 3*z + 7*f - 1779. What is the remainder when z is divided by 75?
70
Suppose 0 = -16*i + 17*i - 5*b - 27, 4*i - 5*b - 93 = 0. Calculate the remainder when 106 is divided by i.
18
Suppose -2*s - o + 119 = 0, -s + 11*o + 52 = 13*o. Calculate the remainder when 186 is divided by s.
0
Suppose -4*d - 17 = -0*d + 3*y, -4*y - 4 = -4*d. What is the remainder when 37 is divided by d*13/2*-1?
11
Suppose 0 = -4*g + 17 + 51. Suppose -2*m + 105 = -29. What is the remainder when m is divided by g?
16
Let o = 130 + -102. Calculate the remainder when 51 is divided by o.
23
Suppose 0 = 161*y - 174*y + 1079. Let d(w) = -3*w**3 - 2*w. Calculate the remainder when y is divided by d(-2).
27
Let r(h) = h**2 + 5*h - 4 - 9*h + 5*h + 11. What is the remainder when 27 is divided by r(0)?
6
